u = -a + 16. Suppose -3*k - u = 5. Calculate t(k).
7
Let x(r) = r**2 + 7*r + 7. Let m = 81 + -87. Give x(m).
1
Let a(v) = 3*v + 2*v + 0*v + 4*v. Determine a(-1).
-9
Let z(c) = c**3 + 3*c**2 + 2*c + 3. Let l(q) = -4*q**2 - q. Suppose 0 = 4*m - 3*t - 8, 2*m = -2*m - 2*t - 12. Let h be l(m). Give z(h).
-3
Let n be -5*4*3/(-30). Let l(x) = -x - x**3 - 4*x**2 + 0*x**n - 3 - 3*x. Calculate l(-3).
0
Let g(h) = h**2 + h + 4. Let k be g(0). Let i(x) = -2*x**3 + 5*x**2 + 3*x - 3. Let p(m) = 3*m**3 - 4*m**2 - 2*m + 2. Let s(r) = k*p(r) + 3*i(r). What is s(1)?
5
Let r(s) = 5 - 5 - 2*s - 6 + 4. Let u = -2 + 0. Give r(u).
2
Suppose w = -2*t + 3 - 9, 3*t + 18 = -3*w. Let k(l) = -l**3 - 7*l**2 - 5*l + 8. Calculate k(w).
2
Let u(o) = -o**3 + 2*o**2 - o + 1. Let a be u(2). Let t(z) = -4*z**3 - z**2 - z. Determine t(a).
4
Let l(r) = r**2 - 15*r + 12. Let q be l(14). Let f(j) = j**3 - 1. What is f(q)?
-9
Let a(b) = b**2 - 6*b + 7. Let m(k) be the third derivative of k**6/120 - k**5/15 - k**4/6 - k**2. Let h be m(5). Calculate a(h).
2
Let l be 38/(-6) + 1/3. Let r(h) be the third derivative of h**5/60 + h**4/4 + h**3 + 58*h**2. Give r(l).
6
Let d(t) be the second derivative of -1/6*t**3 - 2*t - t**2 + 0. Let h = -4 - -2. Calculate d(h).
0
Let h be (-4)/(-18) + (-32)/(-18). Suppose 2*v - 4 = h*p + p, -4*p + 8 = 0. Let d = v - 0. Let k(q) = q + 7. Determine k(d).
12
Let t(i) be the second derivative of -1/6*i**4 + 6*i + 0 - 1/2*i**2 + 2/3*i**3. Determine t(3).
-7
Let q = -16 - -26. Let g be 6/5*(-50)/3. Let l be 88/g + 4/q. Let x(s) = -2*s - 6. Determine x(l).
2
Let f(u) be the first derivative of u**4/4 - 2*u**3 + 2*u**2 - 3. Calculate f(5).
-5
Let h(t) = -t**2 - t - 1. Let v(j) = 3*j**2 + 2*j + 2. Let g(l) = 5*h(l) + 3*v(l). Determine g(-1).
4
Let o(h) = h - 3. Let l(m) = m - 3. Let u(k) = 6*l(k) - 5*o(k). Let v = 3 - 1. Suppose 0*g = g - v. Give u(g).
-1
Suppose -3*t + 2*t = 0. Let q(a) = a**2 - a - 4. What is q(t)?
-4
Let r be (-6)/(3 + 0) - -2. Let w(a) = r - 5 - 2*a + 2*a + a. Let s be w(6). Let v(b) = 2*b. Determine v(s).
2
Let b(d) = d**3 + 9*d**2 + 7*d - 4. Let h be b(-8). Let s = h + -2. Suppose s*c - 7*c = 5. Let a(t) = 4*t + 1. Give a(c).
-3
Let y(w) be the second derivative of w**8/6720 - w**7/420 + w**6/180 - w**5/30 - w**4/4 + 2*w. Let b(d) be the third derivative of y(d). Determine b(5).
-9
Let x(i) be the first derivative of 6*i - 2*i**2 - 3 - 1/4*i**4 - 2*i**3. Suppose 0 = h - 0*h + 5. Calculate x(h).
1
Let t(n) = -4*n. Let g(r) = r**3 - 7*r**2 + 8*r - 11. Let f be g(6). Calculate t(f).
-4
Let k(n) = n**3 - 4*n**2 - 7*n + 5. Let x(s) = 2*s**2 + s - 1. Suppose -z + i - 2 = -i, -4 = 2*z + 5*i. Let m be x(z). Calculate k(m).
-5
Let j be ((-8)/10)/((-10)/25). Let s(a) = a + 0 - 4 + j. What is s(5)?
3
Let v(l) = -l + 7. Let p(i) = 3*i - 15. Let b(h) = 6*p(h) + 13*v(h). What is b(1)?
6
Let u be (-3)/7 + (-20)/35. Let y(j) = 14*j + 1. Calculate y(u).
-13
Let v be -4 + 12 + 16/(-4). Let z(n) = -10 + 5*n**2 - 2*n + n**3 - 2*n - v*n + 6. Give z(-6).
8
Let c(i) be the first derivative of -8*i**3/3 - i**2/2 - i - 2. Suppose 2*q - 3*z = -3*q - 20, -q + 2*z - 11 = 0. Give c(q).
-8
Let q(w) = -7*w - 1. Let l(z) = 11*z + 2. Let n(g) = -5*l(g) - 8*q(g). Give n(1).
-1
Suppose 3*b + 5*c - 1 = 0, 0*c + c = 5*b - 11. Let k(f) = f - 1. Calculate k(b).
1
Let r(s) = -s**3 - 6*s**2 + 9*s + 3. Suppose 5*f + t = 2*t - 33, 4*f - 5*t = -18. What is r(f)?
-11
Let p(l) = l**3 + 4*l**2 - 2*l + 3. Let b be p(-4). Suppose 3*y - b = -4*t, 3*y - 5*t = 4*y. Let j(f) = y*f + f**2 + 1 - f - 3. Determine j(-5).
3
Suppose -11*o + 70 = 3*o. Let b(w) = -w - 2. Calculate b(o).
-7
Let i(x) be the second derivative of 4*x + 1/12*x**4 + 1/2*x**2 - x**3 + 0. Give i(6).
1
Let t(v) = 38*v - 39*v + 5 - 1. Determine t(7).
-3
Suppose -3 = -3*c - 0. Let n(q) = 5*q + 1. What is n(c)?
6
Let g = -10 - -6. Let r(y) = -7*y**3 - 10*y**2 + 9*y - 2. Let w(d) = 2*d + 8*d - 3 - 19*d**2 - 13*d**3 + 7*d. Let z(i) = -11*r(i) + 6*w(i). Give z(g).
-8
Let j(a) = a**3 + 9*a**2 - 10*a + 3. Let q be j(-10). Let s(w) = 1 + w - 1 - 3*w. Give s(q).
-6
Let m(n) = n**3 - 10*n**2 + 7*n + 12. Let c be m(9). Let y(t) = t - 1. Determine y(c).
-7
Let v(s) = -3*s + 3. Let w(u) = 2 - 2 - 2 + 3*u. Let z(q) = 4*v(q) + 5*w(q). Let m be (-9)/(-36) + (-18)/8 - 0. Determine z(m).
-4
Let z(x) = 10*x + 10*x + 6*x - 22*x + x**2 + 2. What is z(-6)?
14
Let t be -1 + 0 + (-1 - -6). Suppose 0 = 4*q - 4 - t. Let r(f) = -4 + q + 6*f - 3*f - f. What is r(2)?
2
Suppose 3*c + 6 = 0, 2*c = -4*d - 37 + 9. Let h(a) = -a**2 - 8*a + 4. Calculate h(d).
16
Let r(o) = -2*o**2 - 17*o - 17. Let x(n) = n**2 + 9*n + 9. Let b(y) = 3*r(y) + 5*x(y). Suppose -5*w - 36 = 3*g, 4*w - 4*g - 3 = -19. Determine b(w).
-6
Let c(k) = k**3 - 3*k**2 - 5*k + 4. Let z be c(4). Let l(i) = i + 1 - 3*i + i**2 + 3*i**3 + z*i. Give l(1).
3
Let s(t) = 61*t + 8*t**2 - 2 + t**3 - 55*t - 6. Calculate s(-7).
-1
Let q(t) = t - 3. Suppose -3*m - 28 = 2. Let o be (0 - 0)*(-5)/m. Suppose -4*a + a = o. Determine q(a).
-3
Let l(b) = 90*b + 1 + 5*b**3 - 88*b + 3*b**3 + b**2. Determine l(-1).
-8
Let w(q) be the second derivative of -q**5/60 - q**4/3 - 3*q**3/2 - 2*q**2 + q. Let g(a) be the first derivative of w(a). Give g(-6).
3
Let j = 44 - 41. Let i(m) = 2*m**2 - 2*m - 2. Determine i(j).
10
Suppose -3*u - 14 = z + 7, z + 2*u = -16. Let l(b) = -3*b - 9. Calculate l(z).
9
Suppose -4*s - 4*y + 28 = 0, 0 = -0*y - 2*y + 10. Let d(k) be the third derivative of -k**6/120 + k**5/20 - k**4/24 - k**3/6 + 8*k**2. Calculate d(s).
1
Let z(l) = -l**2 - l + 1. Suppose 3*n - 2*n = -2. Let w(q) = q**2 + 8*q - 2. Let a(c) = n*z(c) - w(c). Determine a(5).
-5
Let h(a) = a**3 - 6*a**2 + 3*a + 5. Let u be 6*4/(-8) - 11. Let i(l) = l**2 + 13*l - 9. Let k be i(u). Give h(k).
-5
Let s(y) = -5. Let f(h) = h. Let u(p) = -2*f(p) + s(p). Suppose -26*z = -71*z - 180. Determine u(z).
3
Let z(a) be the first derivative of a**4/12 - a**3/6 + a**2 - a - 4. Let u(d) be the first derivative of z(d). What is u(2)?
4
Let b(u) be the third derivative of u**5/60 - 5*u**4/24 - 4*u**3/3 - 3*u**2. Give b(7).
6
Let q(j) be the third derivative of j**5/60 - j**4/4 + 5*j**3/6 - 65*j**2. What is q(4)?
-3
Let f(k) be the first derivative of -k**4/4 + 5*k**3/3 - k**2/2 + 3*k - 1. Let g = 1 - -4. Calculate f(g).
-2
Let z(x) = 2*x - 7. Suppose -3*v = -10 - 5. What is z(v)?
3
Suppose 0 = 5*d - 15, -w + 6 = -5*w - 2*d. Let i(t) = 3*t**2 - t - 6*t**2 - 1 + 4*t**2. What is i(w)?
11
Suppose 14 = 3*k + 4*c, 3*k = -c - 0*c + 17. Suppose -4*d = -k - 2. Let t(y) = 3*y**2 - 3*y. What is t(d)?
6
Let w(a) = -a - 9. Suppose -o + 2*o - v = -1, -5*o - 2*v + 2 = 0. Determine w(o).
-9
Let a be (0/(-3))/(0 - 2). Let q be (0/(-1))/(a - 3). Let t(v) = v**2 + v + 4. Determine t(q).
4
Suppose 0 = -5*b + 5*m + 2 + 13, -2*m + 6 = 0. Let r(x) = -x**3 + 5*x**2 + 5*x + 4. Let g be r(b). Let s be (g/4)/((-2)/4). Let n(p) = p. Give n(s).
1
Let r(n) = n - 1. Let x(p) = 3. Let c(y) = -r(y) - x(y). Determine c(-6).
4
Let j(w) = 98*w - 3*w**2 - 100*w - 1 - 2 + 0. Calculate j(-2).
-11
Let s = 1 + -10. Let m(p) = -19*p + 2. Let l(c) = 9*c - 1. Let a(x) = s*l(x) - 4*m(x). What is a(-2)?
11
Let h = 0 - 6. Let g(c) be the second derivative of -c**4/12 - 2*c**3/3 + 5*c**2/2 + 108*c. What is g(h)?
-7
Let q(b) be the third derivative of -b**4/24 + 5*b**3/3 + 2*b**2. Let d be q(7). Let n(m) = 2*m - 2. What is n(d)?
4
Suppose -w - 4 = w. Let d(p) = p - 2. Give d(w).
-4
Let d(t) = t - 2. Suppose 12 = 5*o - 8. Let j = o + -3. Determine d(j).
-1
Let u(n) = -n**2 - 6*n - 4. Suppose d + 0*d = -1, 4*s + 4*d = 0. Let b be (4 - s - 2) + 1. Suppose -b*j = 1 + 9. Calculate u(j).
1
Let x = -50 - -44. Let r(k) = -k + 3. What is r(x)?
9
Let i(l) = 6*l**3 + l**2 - 4*l + 2. Let p(w) = w**3 + w**2 - w. Let r(d) = i(d) - 5*p(d). Let n = 12 - 7. Let y = 9 - n. What is r(y)?
6
Let t(z) be the first derivative of z**2/2 - z + 1. Let k be t(7). Let f(y) = -y - 4. Let a(p) = 2*p + 9. Let j(h) = k*a(h) + 13*f(h). Give j(2).
0
Let x = 58 + -61. Let h(r) = r**2 + 3*r - 2. Calculate h(x).
-2
Let h(c) = -c**3 - 7*c**2 + 6. Let f(j) = -j**3 - 5*j**2 - j - 12. Let l be f(-5). Calculate h(l).
6
Let c(b) = -b**3 - b + 1. Let f(n) = 7*n**3 + 2*n**2 + 6*n - 5. Let g(u) = 6*c(u) + f(u). Calculate g(-3).
-8
Let v(c